{"id":36,"date":"2022-08-29T17:43:12","date_gmt":"2022-08-29T15:43:12","guid":{"rendered":"http:\/\/rootsandsoul.fr\/?page_id=36"},"modified":"2025-02-28T16:14:52","modified_gmt":"2025-02-28T15:14:52","slug":"tour-dates","status":"publish","type":"page","link":"https:\/\/rootsandsoul.fr\/?page_id=36","title":{"rendered":"Prochaines dates"},"content":{"rendered":"\n<p><strong><mark style=\"background-color:rgba(0, 0, 0, 0)\" class=\"has-inline-color has-dark-yellow-color\">MacLanren&rsquo;s &#8211; Sarreguemines<\/mark><\/strong><br>Samedi 27 d\u00e9cembre 2025<br>MacLaren&rsquo;s Irish Sportsbar 20, rue Nationale &#8211; <em>Sarreguemines<\/em><br>Site web :\u00a0<a href=\"https:\/\/www.facebook.com\/mac.larens.710\" target=\"_blank\" rel=\"noreferrer noopener\">https:\/\/www.facebook.com\/mac.larens.710<\/a><\/p>\n\n\n\n<p><strong><mark style=\"background-color:rgba(0, 0, 0, 0)\" class=\"has-inline-color has-dark-yellow-color\">Brasserie Septenaire &#8211; Obermodern<\/mark><\/strong><br>Samedi 22 Novembre 2025<br>Brasserie le Septenaire \u00e0 Obermodern<br>Site web :\u00a0<a href=\"https:\/\/www.facebook.com\/MicrobrasserieSeptenaire\">https:\/\/www.facebook.com\/MicrobrasserieSeptenaire<\/a><\/p>\n\n\n\n<p><strong><mark style=\"background-color:rgba(0, 0, 0, 0)\" class=\"has-inline-color has-dark-yellow-color\">Festival \u00ab\u00a0Pique nique musical\u00a0\u00bb<\/mark><\/strong><br>Dimanche 15\u00a0juin 2025<br>Parc de la villa Burrus \u00e0 Sainte-Croix-Aux-Mines<br>Site web : <a href=\"https:\/\/www.un-jardin-passionnement.org\/le-pique-nique-musical\">https:\/\/www.un-jardin-passionnement.org\/le-pique-nique-musical<\/a> <\/p>\n\n\n\n<p class=\"has-vivid-red-color has-text-color has-link-color wp-elements-5766a608cc56b6b9692651430ffedc1b\"><strong><mark data-darkreader-inline-bgcolor=\"\" style=\"background-color: rgba(0, 0, 0, 0); --darkreader-inline-bgcolor: rgba(24, 26, 27, 0);\" class=\"has-inline-color has-dark-yellow-color\">Old School Family &#8211; Sarrebourg<\/mark><\/strong> &#8211; <br><strong>Annul\u00e9 cause fermeture<\/strong><br>Vendredi 28 mars 2025<br>Old School Family &#8211; 3 Terr. Champagne, 57400 Sarrebourg<br>Site web :\u00a0<a href=\"https:\/\/www.facebook.com\/profile.php?id=100057382542425\">https:\/\/www.facebook.com\/profile.php?id=100057382542425<\/a><\/p>\n\n\n\n<p><strong><mark style=\"background-color:rgba(0, 0, 0, 0)\" class=\"has-inline-color has-dark-yellow-color\">Brasserie BtB &#8211; Petit rederching<\/mark><\/strong><br>Samedi 1 mars 2025<br>Brasserie BtB de petit rederching<br>Site web :&nbsp;<a href=\"https:\/\/www.facebook.com\/profile.php?id=100011873784440\">https:\/\/www.facebook.com\/profile.php?id=100011873784440<\/a><\/p>\n\n\n\n<p><strong><mark data-darkreader-inline-bgcolor=\"\" style=\"background-color: rgba(0, 0, 0, 0); --darkreader-inline-bgcolor: rgba(24, 26, 27, 0);\" class=\"has-inline-color has-dark-yellow-color\">La Casa Loca &#8211; Haguenau <\/mark><\/strong> <br>Samedi 11 jan 2025<br>184 grand rue, Haguenau, France<br>Site web :\u00a0<a href=\"https:\/\/www.facebook.com\/casaloca.bartapas\" target=\"_blank\" rel=\"noreferrer noopener\">https:\/\/www.facebook.com\/casaloca.bartapas<\/a><\/p>\n\n\n\n<p><strong><mark style=\"background-color:rgba(0, 0, 0, 0)\" class=\"has-inline-color has-dark-yellow-color\">MacLanren&rsquo;s &#8211; Sarreguemines<\/mark><\/strong><br>Samedi 4 Janvier 2025<br>MacLaren&rsquo;s Irish Sportsbar 20, rue Nationale &#8211; <em>Sarreguemines<\/em><br>Site web :\u00a0<a href=\"https:\/\/www.facebook.com\/mac.larens.710\" target=\"_blank\" rel=\"noreferrer noopener\">https:\/\/www.facebook.com\/mac.larens.710<\/a><\/p>\n\n\n\n<p><strong><mark style=\"background-color:rgba(0, 0, 0, 0)\" class=\"has-inline-color has-dark-yellow-color\">Les rockeurs ont du coeur<\/mark><\/strong> \u00e0 Haguenau<br>Samedi 7 d\u00e9cembre<br>Salle du millenium \u00e0 Haguenau<\/p>\n\n\n\n<p><strong><mark data-darkreader-inline-bgcolor=\"\" style=\"background-color: rgba(0, 0, 0, 0); --darkreader-inline-bgcolor: rgba(24, 26, 27, 0);\" class=\"has-inline-color has-dark-yellow-color\">Festival Melting pop <\/mark><\/strong> <br>Samedi 12 Octobre 2024<br>Salle des f\u00eates \u00e0 Boersch<\/p>\n\n\n\n<p><strong><mark style=\"background-color:rgba(0, 0, 0, 0)\" class=\"has-inline-color has-dark-yellow-color\">Bar Le Corail &#8211; Belfort<\/mark><\/strong><br>Samedi 21 Septembre 2024<br>119 Avenue Jean Jaur\u00e8s, 90000 Belfort, France 90000 Belfort<br>Site web :&nbsp;<a href=\"https:\/\/www.facebook.com\/profile.php?id=100069595876154\">https:\/\/www.facebook.com\/profile.php?id=100069595876154<\/a><\/p>\n\n\n\n<p><strong><mark data-darkreader-inline-bgcolor=\"\" style=\"background-color: rgba(0, 0, 0, 0); --darkreader-inline-bgcolor: rgba(24, 26, 27, 0);\" class=\"has-inline-color has-dark-yellow-color\">La Casa Loca &#8211; Haguenau <\/mark><\/strong> <br>Samedi 10 ao\u00fbt 2024<br>184 grand rue, Haguenau, France<br>Site web :&nbsp;<a href=\"https:\/\/www.facebook.com\/casaloca.bartapas\" target=\"_blank\" rel=\"noreferrer noopener\">https:\/\/www.facebook.com\/casaloca.bartapas<\/a><\/p>\n\n\n\n<p><strong><mark data-darkreader-inline-bgcolor=\"\" style=\"background-color: rgba(0, 0, 0, 0); --darkreader-inline-bgcolor: rgba(24, 26, 27, 0);\" class=\"has-inline-color has-dark-yellow-color\">Festival du th\u00e9atre \u00e0 Phalsbourg<\/mark><\/strong><br>Samedi 27 juillet 2024<br>Phalsbourg centre<\/p>\n\n\n\n<p><strong><mark style=\"background-color:rgba(0, 0, 0, 0)\" class=\"has-inline-color has-dark-yellow-color\">Festival \u00ab L&rsquo;Humour Des Notes \u00bb &#8211; Haguenau<\/mark><\/strong><br>Mercredi 8 mai 2024<br>Haguenau<br>Site web :&nbsp;<a href=\"https:\/\/humour-des-notes.com\/\">https:\/\/humour-des-notes.com\/<\/a><\/p>\n\n\n\n<p><strong><mark style=\"background-color:rgba(0, 0, 0, 0)\" class=\"has-inline-color has-dark-yellow-color\">Brasserie BtB &#8211; Petit rederching<\/mark><\/strong><br>Samedi 2 mars 2024<br>Brasserie BtB de petit rederching<br>Site web :&nbsp;<a href=\"https:\/\/www.facebook.com\/profile.php?id=100011873784440\">https:\/\/www.facebook.com\/profile.php?id=100011873784440<\/a><\/p>\n\n\n\n<p><strong><mark style=\"background-color:rgba(0, 0, 0, 0)\" class=\"has-inline-color has-dark-yellow-color\">Old School Family &#8211; Sarrebourg<\/mark><\/strong><br>Vendredi 26 janvier 2024<br>Old School Family &#8211; 3 Terr. Champagne, 57400 Sarrebourg<br>Site web :&nbsp;<a href=\"https:\/\/www.facebook.com\/profile.php?id=100057382542425\">https:\/\/www.facebook.com\/profile.php?id=100057382542425<\/a><\/p>\n\n\n\n<p><strong><mark style=\"background-color:rgba(0, 0, 0, 0)\" class=\"has-inline-color has-dark-yellow-color\">Brasserie Septenaire &#8211; Obermodern<\/mark><\/strong><br>Samedi 25 Novembre 2023<br>Brasserie le Septenaire \u00e0 Obermodern<br>Site web :&nbsp;<a href=\"https:\/\/www.facebook.com\/MicrobrasserieSeptenaire\">https:\/\/www.facebook.com\/MicrobrasserieSeptenaire<\/a><\/p>\n\n\n\n<p><strong><mark style=\"background-color:rgba(0, 0, 0, 0)\" class=\"has-inline-color has-dark-yellow-color\">MacLanren&rsquo;s &#8211; Sarreguemines<\/mark><\/strong><br>Samedi 7 octobre 2023<br>MacLaren&rsquo;s Irish Sportsbar 20, rue Nationale &#8211; <em>Sarreguemines<\/em><br>Site web :&nbsp;<a rel=\"noreferrer noopener\" href=\"https:\/\/www.facebook.com\/mac.larens.710\" target=\"_blank\">https:\/\/www.facebook.com\/mac.larens.710<\/a><\/p>\n\n\n\n<p><strong><mark style=\"background-color:rgba(0, 0, 0, 0)\" class=\"has-inline-color has-dark-yellow-color\">Brasserie Terminus<\/mark><\/strong><br>Vendredi 22 septembre 2023<br>Bleichstra\u00dfe 32, 66111 Saarbr\u00fccken (Allemagne)<br>Site web : <a href=\"https:\/\/www.facebook.com\/terminus.brasserie\">https:\/\/www.facebook.com\/terminus.brasserie<\/a><\/p>\n\n\n\n<p><strong><mark style=\"background-color:rgba(0, 0, 0, 0)\" class=\"has-inline-color has-dark-yellow-color\">Thionville<\/mark><\/strong><br>Samedi 26 aout 2023<br>Rives en f\u00eate<\/p>\n\n\n\n<p><strong><mark style=\"background-color:rgba(0, 0, 0, 0)\" class=\"has-inline-color has-dark-yellow-color\">PEDDAC &#8211; Saint Jean de Bassel<\/mark><\/strong><br>Jeudi 10 aout 2023<br>Rue des Fleurs, Saint-Jean-de-Bassel, France<br>Site web : <a href=\"https:\/\/www.facebook.com\/pedac57\/\">https:\/\/www.facebook.com\/pedac57\/<\/a><\/p>\n\n\n\n<p><strong><mark style=\"background-color:rgba(0, 0, 0, 0)\" class=\"has-inline-color has-dark-yellow-color\">London Taverne &#8211; Saint Die<\/mark><\/strong><br>Dimanche 25 juin 2023<br>16 Rue Joseph Mengin, Saint-Di\u00e9, France<br>Site web : <a href=\"https:\/\/www.facebook.com\/profile.php?id=100054584433369\">https:\/\/www.facebook.com\/profile.php?id=100054584433369<\/a> <\/p>\n\n\n\n<p><strong><mark data-darkreader-inline-bgcolor=\"\" style=\"background-color: rgba(0, 0, 0, 0); --darkreader-inline-bgcolor: rgba(24, 26, 27, 0);\" class=\"has-inline-color has-dark-yellow-color\">La Casa Loca &#8211; Haguenau <\/mark><\/strong> <br>Mercredi 21 juin 2023<br>184 grand rue, Haguenau, France<br>Site web :&nbsp;<a href=\"https:\/\/www.facebook.com\/casaloca.bartapas\" target=\"_blank\" rel=\"noreferrer noopener\">https:\/\/www.facebook.com\/casaloca.bartapas<\/a><\/p>\n\n\n\n<p><strong><mark style=\"background-color:rgba(0, 0, 0, 0)\" class=\"has-inline-color has-dark-yellow-color\">CosyBar  &#8211; Wasselonne<\/mark><\/strong><br>Vendredi 9 juin 2023<br>17, Place du March\u00e9 67310 Wasselonne<br>Site web : <a href=\"https:\/\/www.facebook.com\/cosybar67310\/\">https:\/\/www.facebook.com\/cosybar67310\/<\/a><\/p>\n\n\n\n<p><strong><mark style=\"background-color:rgba(0, 0, 0, 0)\" class=\"has-inline-color has-dark-yellow-color\">Le YS &#8211; Badonviller<\/mark> <\/strong><br>Samedi 20&nbsp;mai 2023<br>53 rue Mar\u00e9chal Foch 54540 Badonviller<br>Site web : <a href=\"https:\/\/www.facebook.com\/ysloungebar\">https:\/\/www.facebook.com\/ysloungebar<\/a> <\/p>\n\n\n\n<p><strong><mark style=\"background-color:rgba(0, 0, 0, 0)\" class=\"has-inline-color has-dark-yellow-color\">Le Local &#8211; Strasbourg<\/mark><\/strong><br>Samedi 27 avril 2023<br>3 Rue de l&rsquo;Abreuvoir, 67000 Strasbourg<br>Site web : <a href=\"https:\/\/www.facebook.com\/lelocalbar\">https:\/\/www.facebook.com\/lelocalbar<\/a><\/p>\n\n\n\n<p><strong><mark style=\"background-color:rgba(0, 0, 0, 0)\" class=\"has-inline-color has-dark-yellow-color\">L&rsquo;antenne &#8211; Marlenheim<\/mark><\/strong><br>Dimanche 11 mars 2023<br>Rue Griesmatt Zone Commerce ZC Ellipse 67520 Marlenheim, France<br>Site web : <a href=\"https:\/\/www.facebook.com\/TMTMarlenheim\">https:\/\/www.facebook.com\/TMTMarlenheim<\/a><\/p>\n\n\n\n<p><strong><mark style=\"background-color:rgba(0, 0, 0, 0)\" class=\"has-inline-color has-dark-yellow-color\">Casa Loca &#8211; Haguenau<\/mark><\/strong><br>Samedi 25 f\u00e9vrier 2023<br>184 grand rue, Haguenau, France<br>Site web :&nbsp;<a rel=\"noreferrer noopener\" href=\"https:\/\/www.facebook.com\/casaloca.bartapas\" target=\"_blank\">https:\/\/www.facebook.com\/casaloca.bartapas<\/a><\/p>\n\n\n\n<p><mark style=\"background-color:rgba(0, 0, 0, 0)\" class=\"has-inline-color has-dark-yellow-color\"><strong><mark style=\"background-color:rgba(0, 0, 0, 0)\" class=\"has-inline-color has-dark-yellow-color\">Terminus &#8211; Sarreguemines<\/mark><\/strong><\/mark><br>Vendredi 30 d\u00e9cembre 2022<br>7 Avenue de la Gare, Sarreguemines, France<br>Site web : <a href=\"https:\/\/www.facebook.com\/terminussarreguemines\" target=\"_blank\" rel=\"noreferrer noopener\">https:\/\/www.facebook.com\/terminussarreguemines<\/a><\/p>\n\n\n\n<p><strong><mark style=\"background-color:rgba(0, 0, 0, 0)\" class=\"has-inline-color has-dark-yellow-color\">Terminus &#8211; Sarrebrucken<\/mark><\/strong><br>Vendredi 2 d\u00e9cembre 2022<br><em>32 bleichstrasse, Saarbr\u00fccken, Germany<\/em><br>Site web :&nbsp;<a rel=\"noreferrer noopener\" href=\"https:\/\/www.facebook.com\/terminus.brasserie\/\" target=\"_blank\">https:\/\/www.facebook.com\/terminus.brasserie\/<\/a><\/p>\n\n\n\n<p><strong><mark style=\"background-color:rgba(0, 0, 0, 0)\" class=\"has-inline-color has-dark-yellow-color\">MacLanren&rsquo;s &#8211; Sarreguemines<\/mark><\/strong><br>Samedi 5 Novembre 2022<br>MacLaren&rsquo;s Irish Sportsbar 20, rue Nationale &#8211; <em>Sarreguemines<\/em><br>Site web :&nbsp;<a rel=\"noreferrer noopener\" href=\"https:\/\/www.facebook.com\/mac.larens.710\" target=\"_blank\">https:\/\/www.facebook.com\/mac.larens.710<\/a><\/p>\n\n\n\n<p><strong><mark style=\"background-color:rgba(0, 0, 0, 0)\" class=\"has-inline-color has-dark-yellow-color\">Casa Loca &#8211; Haguenau<\/mark><\/strong><br>Samedi 24 Septembre 2022<br>184 grand rue, Haguenau, France<br>Site web :&nbsp;<a rel=\"noreferrer noopener\" href=\"https:\/\/www.facebook.com\/casaloca.bartapas\" target=\"_blank\">https:\/\/www.facebook.com\/casaloca.bartapas<\/a><strong><mark><mark style=\"background-color:rgba(0, 0, 0, 0)\" class=\"has-inline-color has-dark-yellow-color\"><\/mark><\/mark><\/strong><\/p>\n\n\n\n<p><strong><mark style=\"background-color:rgba(0, 0, 0, 0)\" class=\"has-inline-color has-dark-yellow-color\">Terminus &#8211; Sarreguemines<\/mark><\/strong><br>Vendredi 5 ao\u00fbt 2022<br>7 Avenue de la Gare, Sarreguemines, France<br>Site web : <a rel=\"noreferrer noopener\" href=\"https:\/\/www.facebook.com\/terminussarreguemines\" target=\"_blank\">https:\/\/www.facebook.com\/terminussarreguemines<\/a><\/p>\n\n\n\n<p><strong><mark style=\"background-color:rgba(0, 0, 0, 0)\" class=\"has-inline-color has-dark-yellow-color\">PEDAC &#8211; Saint Jean De Bassel<\/mark><\/strong><br>Jeudi 4 ao\u00fbt 2022<br>Rue des Fleurs, Saint-Jean-de-Bassel, France<br>Site web : <a rel=\"noreferrer noopener\" href=\"https:\/\/www.facebook.com\/pedac57\/\" target=\"_blank\">https:\/\/www.facebook.com\/pedac57\/<\/a><\/p>\n\n\n\n<p><strong><mark style=\"background-color:rgba(0, 0, 0, 0)\" class=\"has-inline-color has-dark-yellow-color\">Festival Be Happy &#8211; Bouzonville<\/mark><\/strong><br>Samedi 25 juin 2022<br>Bouzonville<\/p>\n\n\n\n<p><strong><mark style=\"background-color:rgba(0, 0, 0, 0)\" class=\"has-inline-color has-dark-yellow-color\">Artopie<\/mark><\/strong><br>1er mai 2022<br>Meisenthal, France<br>Site web : <a rel=\"noreferrer noopener\" href=\"https:\/\/www.facebook.com\/artopie.meisenthal\" target=\"_blank\">https:\/\/www.facebook.com\/artopie.meisenthal<\/a><\/p>\n\n\n\n<p><\/p>\n","protected":false},"excerpt":{"rendered":"<p>MacLanren&rsquo;s &#8211; SarregueminesSamedi 27 d\u00e9cembre 2025MacLaren&rsquo;s Irish Sportsbar 20, rue Nationale &#8211; SarregueminesSite web :\u00a0https:\/\/www.facebook.com\/mac.larens.710 Brasserie Septenaire &#8211; ObermodernSamedi 22 Novembre 2025Brasserie le Septenaire \u00e0 ObermodernSite web :\u00a0https:\/\/www.facebook.com\/MicrobrasserieSeptenaire Festival \u00ab\u00a0Pique nique musical\u00a0\u00bbDimanche 15\u00a0juin 2025Parc de la villa Burrus \u00e0 Sainte-Croix-Aux-MinesSite web : https:\/\/www.un-jardin-passionnement.org\/le-pique-nique-musical Old School Family &#8211; Sarrebourg &#8211; Annul\u00e9 cause fermetureVendredi 28 mars 2025Old [&hellip;]<\/p>\n","protected":false},"author":1,"featured_media":0,"parent":0,"menu_order":3,"comment_status":"closed","ping_status":"closed","template":"","meta":{"footnotes":""},"class_list":["post-36","page","type-page","status-publish","hentry","entry"],"_links":{"self":[{"href":"https:\/\/rootsandsoul.fr\/index.php?rest_route=\/wp\/v2\/pages\/36","targetHints":{"allow":["GET"]}}],"collection":[{"href":"https:\/\/rootsandsoul.fr\/index.php?rest_route=\/wp\/v2\/pages"}],"about":[{"href":"https:\/\/rootsandsoul.fr\/index.php?rest_route=\/wp\/v2\/types\/page"}],"author":[{"embeddable":true,"href":"https:\/\/rootsandsoul.fr\/index.php?rest_route=\/wp\/v2\/users\/1"}],"replies":[{"embeddable":true,"href":"https:\/\/rootsandsoul.fr\/index.php?rest_route=%2Fwp%2Fv2%2Fcomments&post=36"}],"version-history":[{"count":50,"href":"https:\/\/rootsandsoul.fr\/index.php?rest_route=\/wp\/v2\/pages\/36\/revisions"}],"predecessor-version":[{"id":327,"href":"https:\/\/rootsandsoul.fr\/index.php?rest_route=\/wp\/v2\/pages\/36\/revisions\/327"}],"wp:attachment":[{"href":"https:\/\/rootsandsoul.fr\/index.php?rest_route=%2Fwp%2Fv2%2Fmedia&parent=36"}],"curies":[{"name":"wp","href":"https:\/\/api.w.org\/{rel}","templated":true}]}}