{"id":2,"date":"2022-08-29T11:32:51","date_gmt":"2022-08-29T09:32:51","guid":{"rendered":"http:\/\/rootsandsoul.fr\/?page_id=2"},"modified":"2024-07-21T17:08:12","modified_gmt":"2024-07-21T15:08:12","slug":"page-d-exemple","status":"publish","type":"page","link":"https:\/\/rootsandsoul.fr\/","title":{"rendered":"Blues \/ Soul aux \u00e9pices Funky"},"content":{"rendered":"\n<figure class=\"wp-block-gallery has-nested-images columns-default is-cropped wp-block-gallery-1 is-layout-flex wp-block-gallery-is-layout-flex\">\n<figure class=\"wp-block-image size-large\"><img loading=\"lazy\" decoding=\"async\" width=\"1024\" height=\"392\" data-id=\"301\" src=\"https:\/\/rootsandsoul.fr\/wp-content\/uploads\/2024\/07\/fb_banner-1024x392.jpg\" alt=\"\" class=\"wp-image-301\" srcset=\"https:\/\/rootsandsoul.fr\/wp-content\/uploads\/2024\/07\/fb_banner-1024x392.jpg 1024w, https:\/\/rootsandsoul.fr\/wp-content\/uploads\/2024\/07\/fb_banner-300x115.jpg 300w, https:\/\/rootsandsoul.fr\/wp-content\/uploads\/2024\/07\/fb_banner-768x294.jpg 768w, https:\/\/rootsandsoul.fr\/wp-content\/uploads\/2024\/07\/fb_banner-1536x587.jpg 1536w, https:\/\/rootsandsoul.fr\/wp-content\/uploads\/2024\/07\/fb_banner.jpg 1700w\" sizes=\"auto, (max-width: 1024px) 100vw, 1024px\" \/><\/figure>\n<\/figure>\n\n\n\n<p><\/p>\n\n\n\n<p class=\"has-medium-font-size\">\u00ab <strong>De la musique? On dirait que cela provient du fond de cette ruelle! Peut \u00eatre m\u00eame que les notes s&rsquo;\u00e9chappent par la petite fen\u00eatre que j\u2019aper\u00e7ois l\u00e0 bas, au raz du sol. Le son s&rsquo;amplifie \u00e0 mesure que je m&rsquo;enfonce dans cet escalier \u00e9triqu\u00e9 qui me m\u00e8ne devant une petite porte en bois. On pouvait distinguer sur la main courante, de petits motifs moul\u00e9s, ou du moins, ce qu&rsquo;il en restait.<\/strong><\/p>\n\n\n\n<p class=\"has-medium-font-size\"><strong>J&rsquo;ouvre d\u00e9licatement la porte et d\u00e9cide de me fondre dans la foule qui est \u00e0 l&rsquo;origine de ce vacarme sourd que l&rsquo;on pouvait entendre de l\u2019ext\u00e9rieur. \u00c9blouis par un flash de lumi\u00e8re, je pouvais distinguer, de l\u00e0 ou je me trouvais, un homme assis sur une chaise, souriant, l&rsquo;air d\u00e9contract\u00e9. Il tapait contre sa cuisse, un harmonica afin d&rsquo;en extraire le reste d&rsquo;alcool \u00e0 90\u00b0 qu&rsquo;il utilisait pour le nettoyer. Le plafond \u00e9tait bas et le spot de lumi\u00e8re plongeante au dessus de l&rsquo;homme, se refl\u00e9tait sur son instrument comme dans un miroir.<\/strong><br><strong>Alors que j&rsquo;essayais de distinguer \u00e0 qui il faisait signe de la t\u00eate, le son tonitruant d&rsquo;une voix puissante me fit tressaillir. Parcourus de frissons, je me laisse porter par le groove d&rsquo;un basse\/batterie envo\u00fbtant. <\/strong><\/p>\n\n\n\n<p class=\"has-medium-font-size\"><strong>Peu \u00e0 peu, une ambiance agr\u00e9able et d\u00e9contract\u00e9e envahit la salle, alors que la foule dont je faisais partie semblait \u00eatre hypnotis\u00e9e par la musique. Au fur et \u00e0 mesure que les titres s\u2019encha\u00eenaient, les pas de danse se faisaient de moins en moins timides, et m\u00eame le pi\u00e8tre danseur que j&rsquo;\u00e9tais s&rsquo;\u00e9tait laiss\u00e9 enivrer par cette atmosph\u00e8re festive.<\/strong> \u00bb<\/p>\n\n\n\n<p class=\"has-medium-font-size\"><br><strong>Un quatuor d\u00e9jant\u00e9, une musique \u00e9rod\u00e9e, et une \u00e9nergie in\u00e9puisable \u00e0 partager avec son public. C&rsquo;est \u00e7a l&rsquo;esprit Roots And Soul!<\/strong><\/p>\n","protected":false},"excerpt":{"rendered":"<p>\u00ab De la musique? On dirait que cela provient du fond de cette ruelle! Peut \u00eatre m\u00eame que les notes s&rsquo;\u00e9chappent par la petite fen\u00eatre que j\u2019aper\u00e7ois l\u00e0 bas, au raz du sol. Le son s&rsquo;amplifie \u00e0 mesure que je m&rsquo;enfonce dans cet escalier \u00e9triqu\u00e9 qui me m\u00e8ne devant une petite porte en bois. On [&hellip;]<\/p>\n","protected":false},"author":1,"featured_media":0,"parent":0,"menu_order":1,"comment_status":"closed","ping_status":"open","template":"","meta":{"footnotes":""},"class_list":["post-2","page","type-page","status-publish","hentry","entry"],"_links":{"self":[{"href":"https:\/\/rootsandsoul.fr\/index.php?rest_route=\/wp\/v2\/pages\/2","targetHints":{"allow":["GET"]}}],"collection":[{"href":"https:\/\/rootsandsoul.fr\/index.php?rest_route=\/wp\/v2\/pages"}],"about":[{"href":"https:\/\/rootsandsoul.fr\/index.php?rest_route=\/wp\/v2\/types\/page"}],"author":[{"embeddable":true,"href":"https:\/\/rootsandsoul.fr\/index.php?rest_route=\/wp\/v2\/users\/1"}],"replies":[{"embeddable":true,"href":"https:\/\/rootsandsoul.fr\/index.php?rest_route=%2Fwp%2Fv2%2Fcomments&post=2"}],"version-history":[{"count":10,"href":"https:\/\/rootsandsoul.fr\/index.php?rest_route=\/wp\/v2\/pages\/2\/revisions"}],"predecessor-version":[{"id":315,"href":"https:\/\/rootsandsoul.fr\/index.php?rest_route=\/wp\/v2\/pages\/2\/revisions\/315"}],"wp:attachment":[{"href":"https:\/\/rootsandsoul.fr\/index.php?rest_route=%2Fwp%2Fv2%2Fmedia&parent=2"}],"curies":[{"name":"wp","href":"https:\/\/api.w.org\/{rel}","templated":true}]}}